isor of t and c.
13
Suppose 0 = d, -4*d + 6 = 2*w + 24. Let b(i) = i**3 + 11*i**2 + 7*i - 9. Let f be b(w). Suppose m + 26 = f. Calculate the greatest common factor of 8 and m.
8
Let m = -4291 + 5152. Calculate the greatest common factor of m and 21.
21
Let k be ((-2847)/(-9))/(9/36)*(-54)/(-4). What is the highest common factor of k and 146?
146
Let a = 4573 + -3723. Calculate the greatest common factor of a and 374.
34
Let t = -279 + 479. Let s be 78 - ((-57)/(-9) + -5)/(2/(-81)*-18). What is the highest common factor of s and t?
25
Let q = 169 - 120. Suppose 4*r - 5*f = 76, 3*f = -5*r + q + 83. Calculate the highest common factor of 16 and r.
8
Let q = -530 + 595. What is the highest common divisor of q and 91?
13
Let j(n) = -32*n - 138. Let q be j(-15). Let d = q - 333. Suppose 3*g - 83 = 133. Calculate the greatest common divisor of g and d.
9
Let i = 603 - 599. Let k be (116/6)/((-2)/(-3)). Suppose i*s - 43 - k = 0. What is the highest common factor of 2 and s?
2
Suppose 3*v = 11*z - 6*z - 394, v + 822 = 11*z. Suppose 8*y - 3*y = 1665. Calculate the greatest common divisor of z and y.
37
Let i = -4229 + 4533. Let g be (-95)/(-15)*(-6)/(-2). Calculate the highest common factor of i and g.
19
Let k(w) be the first derivative of -7*w**2 - 200*w + 7. Let c be k(-18). Calculate the highest common factor of 52 and c.
52
Let j be (-1 + 8437)*((-105)/(-84))/((-105)/(-56)). What is the greatest common factor of j and 8?
8
Let t(m) = m**3 + 16*m**2 - 15*m + 40. Let f be t(-17). Suppose 0 = -2*i + f, -4*s + i + 1677 = s. Calculate the highest common divisor of 48 and s.
48
Suppose 7*t - 98*t - 239*t = -678810. Calculate the greatest common factor of 1210 and t.
121
Suppose -5*u - 987 = -4*v, u - 2*v + 203 = -4*v. Let g = 249 + u. What is the highest common factor of 15 and g?
5
Let v be (20/260*13)/((-1)/(-53)). Calculate the highest common divisor of v and 9752.
53
Let u be 56368/72 + (-2)/(-18)*1. Let k be ((-6)/(-4))/(u/(-264) - -3). What is the highest common factor of k and 12?
4
Let b = -29550 - -31101. What is the greatest common factor of 165 and b?
33
Let z = -363 - -33. Let q = 331 + z. Calculate the greatest common divisor of 81 and q.
1
Let k be (-25)/(-10)*-1729*16/(-280). Let w = 13 + 13. What is the highest common factor of w and k?
13
Let x(b) = -9 - 587*b + 30 + 630*b. Let q be x(4). Suppose q = 7*r - 6*r + 5*n, 4*r - 652 = 4*n. What is the greatest common divisor of r and 24?
24
Suppose 3*k = 59 + 37. Suppose k = 4*h - 2*h. Suppose 4*s + 3*a = -7, 4*s - 5*s = a + 3. What is the highest common factor of h and s?
2
Suppose -4*j - j = -25, -4*a = j - 485. Calculate the greatest common factor of 3552 and a.
24
Let h(g) = -4*g + 214. Suppose 10*f = 14*f + 176. Let r be h(f). What is the greatest common divisor of 20 and r?
10
Let d = 68 - 64. Suppose -d*h = -3*h - 5*o + 29, 0 = 5*h - o + 25. Let z be 178/8 + -1*h/(-16). What is the highest common divisor of z and 22?
22
Suppose 0 = 7*d - 2*d - 20. Suppose d*p - 189 = -4*c + 339, 3*c = 2*p + 411. Calculate the greatest common divisor of 27 and c.
27
Let x = 178 + -250. Let f = x - -159. What is the highest common divisor of 116 and f?
29
Let u(w) = -33*w + 893. Let m be u(-3). Calculate the greatest common divisor of 1728 and m.
32
Let w = -2 - -9. Let f be (-2)/4*(3 - 15). Suppose n - f*n + 280 = 0. Calculate the greatest common factor of w and n.
7
Let c be 59 + (4 - 13) + 22. Let d be (26/(-5) - -2)/(8/(-1140)). Calculate the highest common factor of d and c.
24
Suppose 33*k - 30*k - 6 = 0. Let l(w) = w**3 - w + 2. Let o be l(k). Suppose -4 - o = -d. Calculate the greatest common divisor of d and 48.
12
Suppose 48*w = 59*w - 79068. What is the greatest common divisor of w and 12?
12
Let r(j) = j**3 + 7*j**2 - 10*j - 15. Let g be r(-8). Let w(u) = 208*u. Let i be w(g). What is the greatest common divisor of i and 13?
13
Let y be (-6)/(-5)*(-80)/(-48). Suppose 0*b - 3*x = -3*b + 57, -y*b + 26 = 2*x. Calculate the greatest common divisor of b and 16.
16
Let d(c) = 136*c**2 + 7*c. Let n be d(4). What is the greatest common factor of 348 and n?
116
Suppose 142 + 128 = 2*d. Let u be 2/12*2 - (-28)/6. Suppose f + 2*i = 49, -2*f + u*i = -58 - 22. What is the highest common factor of f and d?
45
Let f be -2 + (5 - (0 - -3)) - -2. Suppose 0 = -f*u + 5*c + 21, u - 6*c - 5 = -9*c. Suppose -u*t = -13*t + 25. Calculate the highest common divisor of 5 and t.
5
Let n = -75 + 108. Suppose p = -n + 109. Let d = 27 + 30. What is the greatest common factor of p and d?
19
Let m be -71 + (20*(-1)/(-4) - 1). Let p = m - -76. What is the highest common divisor of 6 and p?
3
Suppose 16*r = -d + 17*r + 44, 5*d = 3*r + 216. Suppose 37*k = d*k - 240. What is the greatest common divisor of 816 and k?
48
Let j be 2/(-1) + 3 + 1 + 613. Let c = j - 298. Let b = 527 - c. Calculate the highest common divisor of 30 and b.
30
Suppose -136 = 2*t + n - 1300, -3*t - 2*n = -1750. Calculate the greatest common factor of t and 2006.
34
Suppose -9*p + 15758 = 15038. Calculate the highest common factor of p and 4360.
40
Let p = 124 - 122. Suppose p*h - 8 = -2. Suppose 0 = 3*n - 0*n + 6, -n = -h*j + 50. What is the highest common divisor of 112 and j?
16
Let r be 1788/33 + (-6)/33. Suppose 9 = -n + 3*i, 2*n - 321*i + 326*i - 26 = 0. What is the highest common divisor of r and n?
3
Let y(i) = i**2 - 3*i + 71. Let n be y(-6). What is the greatest common factor of n and 650?
25
Let i(f) = 133*f**2 + 176*f - 1956. Let s be i(10). Calculate the greatest common divisor of 14 and s.
14
Let q = 22532 - 14535. Calculate the highest common factor of 11 and q.
11
Suppose -6*n + 641 = -4*q + 777, -5*q + 196 = -n. Let z be 390/(-4)*(-8)/3. What is the highest common factor of q and z?
20
Let o(c) = c**2 - c. Let z be o(0). Suppose z = 5*x - 0*x - 20. Let d = 7817 + -7813. Calculate the greatest common factor of x and d.
4
Suppose 5710 = 69*i + 1501. Let m be 1116/14 - 2/(-7). Let o = m - i. What is the greatest common divisor of o and 152?
19
Let g(a) = -a**2 + 43*a - 16. Let h be g(10). What is the highest common divisor of 8 and h?
2
Let l(s) = 108*s - 4128. Let m be l(56). Calculate the highest common factor of m and 210.
30
Suppose 87*h + 160*h = 5187. What is the greatest common divisor of h and 159?
3
Let s be 10/((6/36)/((-10)/(-120))). Suppose 54 + 320 = 2*m. Suppose 4*i = 5*l + 375 + 10, 2*i - m = -3*l. Calculate the highest common factor of i and s.
5
Suppose 0 = x + 2*a - 1652, -19*a + 4 = -20*a. Calculate the highest common factor of 20 and x.
20
Let a be ((-12)/(-5))/(3/305). Let b = a - 235. What is the greatest common divisor of 3 and b?
3
Suppose 33*b - 3273 - 489 = 0. What is the greatest common factor of 12 and b?
6
Let m = -4207 + 4221. Suppose 0*n - 40 = -n. Suppose -3*k + n + 2 = 0. What is the greatest common factor of k and m?
14
Suppose 0 = -82*o + 77*o - 1050. Let t = o + 244. Calculate the highest common factor of 2 and t.
2
Let i be ((-60)/21)/((-415)/1162). Calculate the greatest common factor of 15944 and i.
8
Suppose -60 + 65 = n, 255 = 3*w + 3*n. Calculate the highest common divisor of w and 6416.
16
Suppose 6*f - 34*f = 143*f - 171. What is the highest common factor of 257 and f?
1
Suppose -270 = 4*x - 3*x. Let u = 250 - x. What is the greatest common factor of u and 40?
40
Let w be 17968/20 + (-144)/(-90). What is the highest common factor of w and 1900?
100
Let q be (-3 + 3 + 662)/((-20)/10). Let x = q - -540. Calculate the greatest common divisor of x and 11.
11
Suppose -2*w + 1413 = 3*z - 443, 3*z = -w + 931. Calculate the highest common divisor of 75 and w.
25
Let u be (-64)/10 + -3 + (-4)/(-10). Let c(h) = h**3 + 9*h**2. Let s be c(u). Let y be 5/(s - 5) - -156. Calculate the greatest common factor of y and 62.
31
Let d = 160 - 146. Let l be 7/(-7) - 3/1. Let y be 3/(l - -5) + 67. What is the greatest common factor of y and d?
14
Let z = -14 - -19. Suppose 3*n + 29 = z*a, a + 2*a = n + 15. Suppose -i + 23 = a*q, -7 = 5*i - 4*q - 2. What is the greatest common factor of i and 2?
1
Suppose 5*a - 927 = -h, 3*h + 79*a = 76*a + 2865. What is the greatest common factor of h and 4?
2
Suppose -5*o + 15 = 0, -2 = -4*j + 3*o + 9. Suppose -6*a = -j*a - 87. Calculate the highest common divisor of 29 and a.
29
